{"id":6241,"date":"2022-08-17T14:16:12","date_gmt":"2022-08-17T19:16:12","guid":{"rendered":"https:\/\/tricolorsk8.com\/wp\/malinchedistdos\/?post_type=product&#038;p=6241"},"modified":"2026-05-11T19:20:20","modified_gmt":"2026-05-12T00:20:20","slug":"rollo-de-lija-gato-negro-super-grip-transparente-microperforada-20-3-piezas","status":"publish","type":"product","link":"https:\/\/tricolorsk8.com\/wp\/malinchedistdos\/producto\/rollo-de-lija-gato-negro-super-grip-transparente-microperforada-20-3-piezas\/","title":{"rendered":"Rollo de Lija Gato Negro Super Grip Transparente Microperforada"},"content":{"rendered":"","protected":false},"excerpt":{"rendered":"<p>Lija Gato negro, rollo para 20 piezas, la mejor tecnolog\u00eda para m\u00e1ximo agarre, microperforada para una f\u00e1cil aplicaci\u00f3n.<\/p>\n","protected":false},"featured_media":6238,"template":"","meta":{"_et_pb_use_builder":"","_et_pb_old_content":"","_et_gb_content_width":"","_exactmetrics_skip_tracking":false,"_exactmetrics_sitenote_active":false,"_exactmetrics_sitenote_note":"","_exactmetrics_sitenote_category":0,"_monsterinsights_skip_tracking":false,"_monsterinsights_sitenote_active":false,"_monsterinsights_sitenote_note":"","_monsterinsights_sitenote_category":0},"product_brand":[240],"product_cat":[32],"product_tag":[59,60,38,37,16],"class_list":{"0":"post-6241","1":"product","2":"type-product","3":"status-publish","4":"has-post-thumbnail","6":"product_brand-gato-negro","7":"product_cat-lija","8":"product_tag-gato-negro","9":"product_tag-lija-patineta","10":"product_tag-mexico","11":"product_tag-skate","12":"product_tag-tricolor","14":"first","15":"instock","16":"sale","17":"shipping-taxable","18":"purchasable","19":"product-type-simple"},"_links":{"self":[{"href":"https:\/\/tricolorsk8.com\/wp\/malinchedistdos\/wp-json\/wp\/v2\/product\/6241","targetHints":{"allow":["GET"]}}],"collection":[{"href":"https:\/\/tricolorsk8.com\/wp\/malinchedistdos\/wp-json\/wp\/v2\/product"}],"about":[{"href":"https:\/\/tricolorsk8.com\/wp\/malinchedistdos\/wp-json\/wp\/v2\/types\/product"}],"wp:featuredmedia":[{"embeddable":true,"href":"https:\/\/tricolorsk8.com\/wp\/malinchedistdos\/wp-json\/wp\/v2\/media\/6238"}],"wp:attachment":[{"href":"https:\/\/tricolorsk8.com\/wp\/malinchedistdos\/wp-json\/wp\/v2\/media?parent=6241"}],"wp:term":[{"taxonomy":"product_brand","embeddable":true,"href":"https:\/\/tricolorsk8.com\/wp\/malinchedistdos\/wp-json\/wp\/v2\/product_brand?post=6241"},{"taxonomy":"product_cat","embeddable":true,"href":"https:\/\/tricolorsk8.com\/wp\/malinchedistdos\/wp-json\/wp\/v2\/product_cat?post=6241"},{"taxonomy":"product_tag","embeddable":true,"href":"https:\/\/tricolorsk8.com\/wp\/malinchedistdos\/wp-json\/wp\/v2\/product_tag?post=6241"}],"curies":[{"name":"wp","href":"https:\/\/api.w.org\/{rel}","templated":true}]}}